Is 76 a factor of 731424?
True
Does 4 divide 64550?
False
Is 7 a factor of 8626527?
True
Is 7792057 a multiple of 302?
False
Is 3 a factor of 234792?
True
Is 1894909 a multiple of 32?
False
Is 78950 a multiple of 10?
True
Is 13 a factor of 1097343?
True
Is 15 a factor of 48434555?
False
Is 657 a factor of 4939326?
True
Does 28 divide 16406?
False
Is 335738 a multiple of 37?
True
Is 12495600 a multiple of 60?
True
Is 69 a factor of 128990?
False
Does 124 divide 434103?
False
Is 163305 a multiple of 57?
True
Is 29 a factor of 126962?
True
Is 56 a factor of 521754?
False
Is 49 a factor of 431073?
False
Is 802 a factor of 16396106?
False
Is 27 a factor of 6103323?
True
Does 119 divide 89250?
True
Is 196 a factor of 44360?
False
Does 573 divide 53136?
False
Is 5 a factor of 2547754?
False
Is 25797273 a multiple of 53?
True
Is 14539782 a multiple of 309?
False
Is 110704 a multiple of 296?
True
Does 11 divide 408001?
True
Is 450842 a multiple of 8?
False
Is 55 a factor of 148775?
True
Is 352805 a multiple of 205?
True
Is 4 a factor of 4157151?
False
Is 44 a factor of 8900117?
False
Is 15 a factor of 1220490?
True
Is 235 a factor of 138650?
True
Is 250361 a multiple of 367?
False
Is 20980602 a multiple of 2098?
False
Does 114 divide 21137?
False
Is 20 a factor of 7219284?
False
Is 278319 a multiple of 204?
False
Is 81078 a multiple of 14?
False
Is 915461 a multiple of 7?
False
Does 18 divide 2880463?
False
Is 158 a factor of 293332?
False
Is 1665533 a multiple of 34?
False
Does 11 divide 334312?
True
Does 459 divide 10478?
False
Is 17 a factor of 119323?
True
Is 226 a factor of 226?
True
Is 253440 a multiple of 320?
True
Is 9 a factor of 50157?
True
Is 3 a factor of 732426?
True
Is 11528561 a multiple of 723?
False
Is 171270 a multiple of 11?
True
Is 184 a factor of 207920?
True
Is 504374 a multiple of 100?
False
Is 14 a factor of 8488144?
True
Is 5068098 a multiple of 438?
True
Is 5 a factor of 136149?
False
Is 10 a factor of 63990?
True
Does 542 divide 1804318?
True
Is 1252365 a multiple of 145?
True
Is 3251541 a multiple of 590?
False
Is 784784 a multiple of 22?
True
Does 12 divide 1202725?
False
Is 5679240 a multiple of 1805?
False
Does 20 divide 31357?
False
Does 326 divide 275470?
True
Is 1112577 a multiple of 22?
False
Does 211 divide 27441?
False
Does 3 divide 14743?
False
Does 5 divide 544186?
False
Is 16 a factor of 319504?
True
Is 476760 a multiple of 58?
True
Is 1375284 a multiple of 4?
True
Is 2 a factor of 4277?
False
Is 200 a factor of 278274?
False
Is 182 a factor of 92338?
False
Is 8 a factor of 294024?
True
Does 8 divide 106918?
False
Does 33 divide 713770?
False
Does 20 divide 6380673?
False
Does 33 divide 7451?
False
Does 16 divide 27968?
True
Is 1674793 a multiple of 181?
True
Is 6 a factor of 1681593?
False
Does 1027 divide 1407310?
False
Is 28 a factor of 1373970?
False
Is 502 a factor of 254514?
True
Is 3972485 a multiple of 11?
True
Is 51 a factor of 2115400?
False
Does 70 divide 1659960?
False
Is 95196 a multiple of 141?
False
Is 43 a factor of 147361?
True
Is 867 a factor of 1190391?
True
Is 2414919 a multiple of 13?
True
Does 273 divide 2288832?
True
Does 54 divide 3013552?
False
Is 14 a factor of 3680042?
False
Is 5 a factor of 21115?
True
Is 3 a factor of 260899?
False
Is 419950 a multiple of 185?
True
Does 525 divide 2374575?
True
Does 71 divide 19809?
True
Is 658530 a multiple of 15?
True
Is 584 a factor of 3686102?
False
Is 1151017 a multiple of 82?
False
Is 353430 a multiple of 11?
True
Is 9858849 a multiple of 32?
False
Does 219 divide 1072053?
False
Is 8 a factor of 2949760?
True
Does 23 divide 703680?
False
Does 22 divide 8586468?
True
Is 182558 a multiple of 74?
True
Does 13 divide 476174?
False
Is 26 a factor of 34190?
True
Is 11289200 a multiple of 104?
True
Does 14 divide 173782?
True
Is 1646988 a multiple of 14?
True
Does 9 divide 29286?
True
Does 696 divide 13693104?
True
Does 66 divide 247632?
True
Does 39 divide 6029153?
False
Is 2 a factor of 3466?
True
Is 194 a factor of 3217878?
True
Does 727 divide 4143958?
False
Is 70 a factor of 311920?
True
Is 12 a factor of 2071706?
False
Is 402745 a multiple of 86?
False
Is 2443980 a multiple of 690?
True
Does 9 divide 274142?
False
Is 584154 a multiple of 166?
True
Does 78 divide 12714?
True
Is 421927 a multiple of 12?
False
Is 597883 a multiple of 143?
True
Is 567303 a multiple of 49?
False
Is 154 a factor of 192654?
True
Is 148000 a multiple of 125?
True
Does 35 divide 35847?
False
Is 216 a factor of 101609?
False
Is 239953 a multiple of 33?
False
Does 475 divide 1942067?
False
Is 2854887 a multiple of 126?
False
Does 300 divide 256500?
True
Does 198 divide 849222?
True
Is 1673 a factor of 7755138?
False
Does 9 divide 55638?
True
Is 12 a factor of 1559316?
True
Is 3 a factor of 900066?
True
Does 446 divide 189846?
False
Is 114333 a multiple of 23?
True
Does 167 divide 85707?
False
Is 352662 a multiple of 318?
True
Is 28199 a multiple of 15?
False
Is 7760 a multiple of 12?
False
Is 8 a factor of 3669846?
False
Is 555 a factor of 439560?
True
Is 11 a factor of 306605?
False
Does 47 divide 340162?
False
Is 6 a factor of 215907?
False
Is 907248 a multiple of 16?
True
Does 13 divide 78690?
False
Is 49535 a multiple of 8?
False
Is 217 a factor of 847445?
False
Is 75 a factor of 4270570?
False
Is 3520367 a multiple of 503?
False
Is 657 a factor of 823878?
True
Does 37 divide 28372?
False
Is 213409 a multiple of 21?
False
Is 166056 a multiple of 444?
True
Is 382025 a multiple of 175?
True
Is 380256 a multiple of 466?
True
Is 10731 even?
False
Is 7 a factor of 34468?
True
Is 333 a factor of 296370?
True
Is 249 a factor of 23655?
True
Is 291696 a multiple of 24?
True
Does 249 divide 620816?
False
Is 413 a factor of 241206?
False
Is 11513216 a multiple of 296?
True
Does 7 divide 1793841?
True
Does 806 divide 2710880?
False
Is 11 a factor of 395010?
True
Is 18 a factor of 393951?
False
Does 14 divide 3150224?
True
Does 15 divide 3003431?
False
Is 538560 a multiple of 15?
True
Is 178 a factor of 383056?
True
Is 24944418 a multiple of 12?
False
Is 37589 a multiple of 23?
False
Does 3 divide 227316?
True
Does 7 divide 37499?
True
Is 144 a factor of 1088817?
False
Is 1987738 a multiple of 289?
False
Is 5997943 a multiple of 49?
True
Is 56 a factor of 49110?
False
Does 45 divide 37707?
False
Is 5123802 a multiple of 12?
False
Is 61702 a multiple of 45?
False
Is 13 a factor of 1637505?
False
Is 82435 a multiple of 16?
False
Does 222 divide 2784102?
True
Is 22 a factor of 10177816?
True
Is 281041 a multiple of 133?
False
Is 156 a factor of 401700?
True
Is 646115 a multiple of 17?
False
Is 219 a factor of 88573?
False
Does 9 divide 155220?
False
Is 17 a factor of 11485336?
True
Is 29 a factor of 1002878?
True
Does 76 divide 814141?
False
Does 28 divide 2174788?
True
Is 84 a factor of 2113944?
True
Does 5 divide 2544448?
False
Is 871979 a multiple of 21?
False
Is 523800 a multiple of 441?
False
Is 85119 a multiple of 51?
True
Is 101 a factor of 193623?
False
Is 82007 a multiple of 18?
False
Is 34 a factor of 15689210?
False
Is 14 a factor of 164614?
False
Does 277 divide 793605?
True
Does 98 divide 18522?
True
Does 10 divide 11991073?
False
Does 7 divide 423528?
True
Is 17 a factor of 277269?
False
Is 22 a factor of 53701?
False
Is 37 a factor of 589040?
True
Is 27 a factor of 1015830?
False
Does 167 divide 213710?
False
Does 23 divide 3164248?
True
Does 33 divide 545813?
False
Is 112415 a multiple of 209?
False
Does 34 divide 63546?
True
Is 76695 even?
False
Is 524822 a multiple of 100?
False
Is 1823472 a multiple of 14?
True
Is 10 a factor of 207430?
True
Is 19154508 a multiple of 19?
True
Does 91 divide 94374?
False
Does 431 divide 1833474?
True
Is 726561 a multiple of 15?
False
Does 71 divide 3914088?
True
Does 2 divide 700108?
True
Is 245 a factor of 2222071?
False
Is 10 a factor of 3490?
True
Is 4 a factor of 134076?
True
Is 4158071 a multiple of 730?
False
Does 16 divide 50192?
True
Is 6666694 a multiple of 411?
False
Is 37 a factor of 313367?
False
Is 4260 a multiple of 18?
False
Does 13 divide 11323?
True
Is 97421 a multiple of 371?
False
Does 9 divide 15656?
False
Does 134 divide 84822?
True
Is 16 a factor of 47132?
False
Does 32 divide 342664?
False
Is 439 a factor o